{"id":104,"date":"2012-08-03T06:39:45","date_gmt":"2012-08-03T06:39:45","guid":{"rendered":"http:\/\/shiningstage.com\/jr\/?page_id=39"},"modified":"2023-11-24T18:12:33","modified_gmt":"2023-11-24T23:12:33","slug":"biography","status":"publish","type":"page","link":"https:\/\/jacquelineripstein.com\/site\/biography\/","title":{"rendered":"Biography"},"content":{"rendered":"<div class=\"wpb-content-wrapper\"><div class=\"vc_row wpb_row vc_row-fluid\"><div class=\"wpb_column vc_column_container vc_col-sm-12\"><div class=\"vc_column-inner\"><div class=\"wpb_wrapper\"><h3 style=\"text-align: center;font-family:Playfair Display;font-weight:400;font-style:normal\" class=\"vc_custom_heading vc_do_custom_heading\" >Biography<\/h3><div class=\"vc_separator wpb_content_element vc_separator_align_center vc_sep_width_100 vc_sep_pos_align_center vc_separator_no_text vc_sep_color_grey wpb_content_element  wpb_content_element\" ><span class=\"vc_sep_holder vc_sep_holder_l\"><span class=\"vc_sep_line\"><\/span><\/span><span class=\"vc_sep_holder vc_sep_holder_r\"><span class=\"vc_sep_line\"><\/span><\/span>\n<\/div>\n\t<div class=\"wpb_text_column wpb_content_element\" >\n\t\t<div class=\"wpb_wrapper\">\n\t\t\t<p style=\"text-align: justify;\"><img loading=\"lazy\" decoding=\"async\" class=\"alignright wp-image-6889\" src=\"http:\/\/jacquelineripstein.com\/site\/wp-content\/uploads\/2017\/12\/biography.jpg\" alt=\"\" width=\"500\" height=\"383\" srcset=\"https:\/\/jacquelineripstein.com\/site\/wp-content\/uploads\/2017\/12\/biography.jpg 1003w, https:\/\/jacquelineripstein.com\/site\/wp-content\/uploads\/2017\/12\/biography-300x230.jpg 300w, https:\/\/jacquelineripstein.com\/site\/wp-content\/uploads\/2017\/12\/biography-768x588.jpg 768w, https:\/\/jacquelineripstein.com\/site\/wp-content\/uploads\/2017\/12\/biography-191x146.jpg 191w, https:\/\/jacquelineripstein.com\/site\/wp-content\/uploads\/2017\/12\/biography-50x38.jpg 50w, https:\/\/jacquelineripstein.com\/site\/wp-content\/uploads\/2017\/12\/biography-98x75.jpg 98w\" sizes=\"auto, (max-width:767px) 500px, 500px\" \/><span class=\"dropcap size-2\" style=\"background-color:grey; color:white;\">J<\/span>\nacqueline Ripstein is an International renowned Fine Art Artist, Art Healing Pioneer, . For over 38 years, with more than 375 International shows, Jacqueline (born in Mexico and self-taught) has inspired thousands of people around the world. Recognition of her talent began at age 12, when she won a national Prismacolor diploma.<\/p>\n<p style=\"text-align: justify;\">Jacqueline Ripstein is a unique creative that has dared to cross the boundaries of the traditional Art schools, to create New Invisible Art techniques (e.g Invisible Art &amp; Light tech. \u00a9 pat.1986). Her deep desire has been to reveal the unseen dimensions and to offer a breath of hope to our humanity. Her art reveals the Light within all of us and the Invisible dimensions that create our everyday lives.<\/p>\n\n\t\t<\/div>\n\t<\/div>\n<div class=\"blockquote\"><blockquote class=\"mfn-inline-editor\">\u201cMay my Art serve to guide you on an inspirational journey to where its images and hidden messages become a guide to reveal your Inner Light being. Let each painting be the Mirror of your Soul.\u201d<\/blockquote><p class=\"author\"><i class=\"icon-user\"><\/i><span>Jacqueline Ripstein\u00a9\u2122. Fine Art artist, creator of the Invisible Art &amp; Light Techniques<\/span><\/p><\/div>\n\n\t<div class=\"wpb_text_column wpb_content_element\" >\n\t\t<div class=\"wpb_wrapper\">\n\t\t\t<p style=\"text-align: justify;\">Jacqueline has been invited to participate in major world gatherings where she has received many special honors. Some of these events and honors include:<\/p>\n<ul>\n<li style=\"text-align: justify;\"><span style=\"color: #333399;\">Chosen to open the \u201cSefarad\u201d events, in Toledo, Spain (1992-\u201994) Invited by the government.<\/span><\/li>\n<li style=\"text-align: justify;\"><span style=\"color: #333399;\">Commissioned to paint Our Lady of the Universe for Medjugorje, Croatia, to support widows and orphans of\u00a0 war (1996).<\/span><\/li>\n<li style=\"text-align: justify;\"><span style=\"color: #333399;\">Chosen to open the \u201cMillennium Peace Day\u201d in 2000 at the UN in NY, alongside Mrs. Nane Annan.<\/span><\/li>\n<li style=\"text-align: justify;\"><span style=\"color: #333399;\">Leading a workshop for over 450 children, encouraging\u00a0 their messages of Peace to the World.<\/span><\/li>\n<li><span style=\"color: #333399;\">Invited by the government of China to celebrate\u00a0 the 9\/21\/2012 International Day of Peace.<\/span><\/li>\n<li style=\"text-align: justify;\"><span style=\"color: #333399;\">Participation in the first Linzhou\u00a0 Art Exhibition and a Gliding Opening Gala at the Taihang Canyon Peach Blossom\u00a0 Valley, including a Ceremony of Friendship and Peace, with more than 3500 people in attendance, where Jacqueline was asked to be one of the representatives to close\u00a0 the ceremony using the peace water and bells.<\/span><\/li>\n<\/ul>\n<p style=\"text-align: justify;\">\u00a0Jacqueline was also among the key speakers at the International Friendship Peace Forum, delivering a \u201cProposal to use the Arts as an Instrument for World Peace.\u201d Some of her paintings have found a\u00a0 permanent home at the Museum of Characters in Linzhou, Henan Province, China. She was invited to Hyderabad, India, where her art was chosen as the backdrop for the event. And she was one of the keynote speakers at the First Parliament on Spirituality, on December 21, 2012.<\/p>\n<p style=\"text-align: justify;\">As the creator of new techniques in the world of art, Jacqueline\u2019s mystical journey and insatiable search for the Divine Light has guided her to develop her patented (1986) Invisible Art &amp; Light Technique. Jacqueline sees this as her gift to humanity, a unique revelation, and an opportunity to \u00abconnect\u00bb with\u00a0 our spiritual world through her art. Scientific research by Dr. Valerie Hunt,\u00a0 Dr. J. J. Hurtak, Dr. Rafael L\u00f3pez Guerrero, and Dr. Vaughn Cook, has revealed\u00a0 that her art has unique healing properties, and that it can elevate viewers to heightened\u00a0 states of consciousness.\u00a0<a href=\"http:\/\/jacquelineripstein.com\/site\/art-testimonials\/\">Testimonials<\/a>\u00a0 speak of how her art has changed and inspired the lives of thousands of people.<\/p>\n<p style=\"text-align: justify;\">Jacqueline has dedicated her life to helping raise human consciousness through her art, as well as through her motivational and self-awareness books, seminars, and workshops. She is an advocate for peace, and champions the arts and creative forces as instruments for world peace. Praised by international art critics and collectors, Jacqueline has been working in collaboration with the UN to reach its Eight Millennium Development Goals.<\/p>\n<h2 style=\"text-align: center;\"><\/h2>\n\n\t\t<\/div>\n\t<\/div>\n<div class=\"blockquote\"><blockquote class=\"mfn-inline-editor\">\u201dMy goal in creating New Invisible Art Techniques has been to reveal the unseen dimensions and to offer a breath of hope to our humanity \u2013 by showing from where we create our lives, as the inner Light beings that we truly are. I have realized that my art becomes a doorway, a portal to Invisible realms, connecting the viewer to emotional healing and spiritual power. To inspire people and help make a difference in their lives is my breath of Life.\u201d<\/blockquote><p class=\"author\"><i class=\"icon-user\"><\/i><span>Jacqueline Ripstein<\/span><\/p><\/div>\n\n\t<div class=\"wpb_text_column wpb_content_element\" >\n\t\t<div class=\"wpb_wrapper\">\n\t\t\t<p style=\"text-align: justify;\"><img loading=\"lazy\" decoding=\"async\" class=\"size-medium wp-image-7428 alignleft\" src=\"http:\/\/jacquelineripstein.com\/site\/wp-content\/uploads\/2018\/01\/photo-2-300x200.jpg\" alt=\"\" width=\"300\" height=\"200\" srcset=\"https:\/\/jacquelineripstein.com\/site\/wp-content\/uploads\/2018\/01\/photo-2-300x200.jpg 300w, https:\/\/jacquelineripstein.com\/site\/wp-content\/uploads\/2018\/01\/photo-2-768x512.jpg 768w, https:\/\/jacquelineripstein.com\/site\/wp-content\/uploads\/2018\/01\/photo-2.jpg 1024w, https:\/\/jacquelineripstein.com\/site\/wp-content\/uploads\/2018\/01\/photo-2-219x146.jpg 219w, https:\/\/jacquelineripstein.com\/site\/wp-content\/uploads\/2018\/01\/photo-2-50x33.jpg 50w, https:\/\/jacquelineripstein.com\/site\/wp-content\/uploads\/2018\/01\/photo-2-112x75.jpg 112w\" sizes=\"auto, (max-width:767px) 300px, 300px\" \/>As a result of her research and obsession for her medium, Jacqueline Ripstein has been rewarded by inspiring thousands of people through her art, with more than 370 international shows, books, special events and seminars.<\/p>\n<p style=\"text-align: justify;\">Born In Mexico city , at a very young age her talents manifested, at 12 yrs. old she won a diploma at the international art contest <em>Prismacolor<\/em>. In 1971, self taught she starts her professional career. A creative and vanguard to her time, she leaves us the legacy if New Art techniques in Art. \u00a0Her obsession to discovering these \u00a0New Techniques, took her to patent in 1976 the first Art in Motion, after years of research into the secrets of colors, she developed a new technique and invisible oils to the Art world, she applied for her first patent of the unique Invisible Art &amp; Light Technique \u00a9 a true legacy to humanity, which brings art to a new dimension.(1983-1986).<\/p>\n<p style=\"text-align: justify;\"><em>\u00a0 Jacqueline\u2019s art inspires and heals us. Her art has been tested as a high vibrational art and it is backed up by world re-known scientists as Dr Valerie Hunt, Dr. Rafael L\u00f3pez\u00a0Guerrero, Dr. J.J.Hurtak, \u00a0Ilonka Harezi and Dr Vaughn Cook.<\/em><\/p>\n\n\t\t<\/div>\n\t<\/div>\n<div class=\"blockquote\"><blockquote class=\"mfn-inline-editor\">\u201cOnly those that see the Invisible can do the Impossible\u201d<\/blockquote><p class=\"author\"><i class=\"icon-user\"><\/i><span>Jacqueline Ripstein\u00a9\u2122<\/span><\/p><\/div>\n<div class=\"blockquote\"><blockquote class=\"mfn-inline-editor\">\u201cThe Arts in all its forms- music, dancing, painting, sculpture, poetry, literature, etc, are a powerful tool for healing. They elevate us to an inspirational state, helping us to create a more meaningful and colorful life. They are a gift which benefits all mankind, and they contain the power to uplift us through in-spiritus, a direct connection to our Spirit.<br \/>\nIn Art, the vibrations within colors and sounds reveal our Spirits. Art reflects our inner world as a mirror to our outer world, since as it beholds beauty it inspires us to \u201csee beauty.\u201d They enlighten us to respect and uphold the dignity and respect of other human beings, and it is a true manifestation of unconditional love.\u201d<\/blockquote><p class=\"author\"><i class=\"icon-user\"><\/i><span>Jacqueline Ripstein\u00a9\u2122 ``United Nations ECOSOC Representative of the International Association of Educators for World Peace\u201d<\/span><\/p><\/div>\n\n\t<div class=\"wpb_text_column wpb_content_element\" >\n\t\t<div class=\"wpb_wrapper\">\n\t\t\t<p style=\"text-align: justify;\">She&#8217;s participated in special world events as: Chosen (1992-94) to open the \u00abSefarad events in Toledo, Spain\u00bb. Commissioned to paint Our Lady of the Universe for Medjugorje, Croatia to support widows and orphans of war.(1996). Chosen to open the \u201cMillennium Peace Day\u201d at the UN in NY alongside of Mrs. Nane Annan,(2000) Leading a workshop to over 450 children. Had the honor to be invited by the Goverment of China for the\u00a0International Culture and Artistic Center (CISAC) and China National Academy of\u00a0Painting are going to jointly hold a series of activities and forums about art and peace\u00a0from the 18th to the 22nd\u00a0day of September, 2012 at Linzhou, Henan Province, China. This event shall build an open and interactive environment for the gathering of worldwide artists to exploit the internal connection between art and peace, to promote a sustainable future of art and peace, to lead the awareness of cultural and industrial innovation, and to stimulate the creative spark of 2012 UN World Peace Day \u2013Jacqueline was chosen to close the events for the Day of Worldwide Peace on 21 st of September 2012, through the blessing of the Peace water and bells,She was also a key speaker at the Forum of Friendship through the Arts, where she gave her Proposal to use the Arts as an instrument for World Peace. 2 of her paintings stayed in the Museum at Linzhou for permanent show.<\/p>\n<p style=\"text-align: justify;\">Jacqueline\u2019s explorations into the unseen world, and what she calls \u201cThe Invisible World and the Invisible Light within all creation \u201cBased on the Violet Ray vibration, a vibration very needed in this times of changes, after yrs. of research &amp; challenges in 1986 she patented \u201cThe Invisible Art &amp; Light technique\u201d.This technique shows her Art (same painting) under 3 Lights: Normal Light, Black Light and Both Lights. It reveals to us knowledge and vibrations \u00a0from higher dimensions as it startle us, connecting us to the Sacred Space within us. Prof. Emeritus &amp; renowned scientist: Dr.Valerie Hunt revealed how her high vibrational art heals and helps us ascend in consciousness. Each painting is a unique Portal that connects us to higher dimensions of Consciousness. Jacqueline&#8217;s constant effort to inspire people&#8217;s lives, and constant efforts to help create Peace for our Humanity.<\/p>\n<p style=\"text-align: justify;\"><em><strong>\u00a0 Jacqueline is a true legacy for humanity and as her work travels the globe the invisible world will be revealed to us all!<\/strong><\/em><\/p>\n\n\t\t<\/div>\n\t<\/div>\n<div class=\"vc_row wpb_row vc_inner vc_row-fluid\"><div class=\"wpb_column vc_column_container vc_col-sm-6\"><div class=\"vc_column-inner\"><div class=\"wpb_wrapper\"><div class=\"blockquote\"><blockquote class=\"mfn-inline-editor\">\u201cEach person who sees an art object would have a response from a transaction with it ,it depends on where he is conscious mind is, as people grow in consciousness they will also respond to higher levels of consciousness portrayed in ART or Art objects . Jacqueline has put together not only new crystals into Art , but in a way that her field has manipulated those crystals to tell a story, she has told more in the story that is perceived on the material level ,she has told \u2026the ultimate story which is the spiritual story of mankind.\u201d<\/blockquote><p class=\"author\"><i class=\"icon-user\"><\/i><span>Dr Valerie Hunt.<\/span><\/p><\/div>\n<\/div><\/div><\/div><div class=\"wpb_column vc_column_container vc_col-sm-6\"><div class=\"vc_column-inner\"><div class=\"wpb_wrapper\">\n\t<div  class=\"wpb_single_image wpb_content_element vc_align_center wpb_content_element\">\n\t\t\n\t\t<figure class=\"wpb_wrapper vc_figure\">\n\t\t\t<div class=\"vc_single_image-wrapper vc_box_shadow_border  vc_box_border_grey\"><img loading=\"lazy\" decoding=\"async\" width=\"300\" height=\"225\" src=\"https:\/\/jacquelineripstein.com\/site\/wp-content\/uploads\/2018\/01\/with-scientist-valerie-hunt-300x225.jpg\" class=\"vc_single_image-img attachment-medium\" alt=\"\" title=\"with-scientist-valerie-hunt\" srcset=\"https:\/\/jacquelineripstein.com\/site\/wp-content\/uploads\/2018\/01\/with-scientist-valerie-hunt-300x225.jpg 300w, https:\/\/jacquelineripstein.com\/site\/wp-content\/uploads\/2018\/01\/with-scientist-valerie-hunt-195x146.jpg 195w, https:\/\/jacquelineripstein.com\/site\/wp-content\/uploads\/2018\/01\/with-scientist-valerie-hunt-50x38.jpg 50w, https:\/\/jacquelineripstein.com\/site\/wp-content\/uploads\/2018\/01\/with-scientist-valerie-hunt-100x75.jpg 100w, https:\/\/jacquelineripstein.com\/site\/wp-content\/uploads\/2018\/01\/with-scientist-valerie-hunt.jpg 600w\" sizes=\"auto, (max-width:767px) 300px, 300px\" \/><\/div>\n\t\t<\/figure>\n\t<\/div>\n<\/div><\/div><\/div><\/div><div class=\"blockquote\"><blockquote class=\"mfn-inline-editor\">\u201dI met Jacqueline 10 years ago and my life has never been the same. She is one of the most inspirational people I have ever met. Her art is a reflection of her spirituality. The quality of her art cannot be expressed in writing, it must be seen. I speak from experience when I say that it is not only inspirational but healing as well. It was no accident that we met. She is the metaphysical Dali and I was Salvador Dalis\u2019 publisher for many years. I worked with her for years.\u201d We are all exactly where we are supposed to be.\u201d<\/blockquote><p class=\"author\"><i class=\"icon-user\"><\/i><span>Bill Levin (RIP) (Jacqueline\u2019s ex-agent &amp; Salvador Dali\u2019s\u2019 sculpture dealer.)<\/span><\/p><\/div>\n<div class=\"vc_row wpb_row vc_inner vc_row-fluid\"><div class=\"wpb_column vc_column_container vc_col-sm-6\"><div class=\"vc_column-inner\"><div class=\"wpb_wrapper\"><div class=\"vc_btn3-container vc_btn3-center vc_do_btn\" ><a class=\"vc_general vc_btn3 vc_btn3-size-md vc_btn3-shape-rounded vc_btn3-style-flat vc_btn3-icon-left vc_btn3-color-inverse\" href=\"https:\/\/jacquelineripstein.com\/site\/media\/CV_long_REv3_22.08.22.pdf\" title=\"\" target=\"_blank\"><i class=\"vc_btn3-icon \"><\/i> Click here to download JR's CV<\/a><\/div><div class=\"vc_btn3-container vc_btn3-center vc_do_btn\" ><a class=\"vc_general vc_btn3 vc_btn3-size-md vc_btn3-shape-rounded vc_btn3-style-flat vc_btn3-icon-left vc_btn3-color-inverse\" href=\"https:\/\/jacquelineripstein.com\/site\/media\/BIO-JR-ES.pdf\" title=\"\" target=\"_blank\"><i class=\"vc_btn3-icon \"><\/i> Click here to download JR's Short English Bio<\/a><\/div><div class=\"vc_btn3-container vc_btn3-center vc_do_btn\" ><a class=\"vc_general vc_btn3 vc_btn3-size-md vc_btn3-shape-rounded vc_btn3-style-flat vc_btn3-icon-left vc_btn3-color-inverse\" href=\"https:\/\/jacquelineripstein.com\/site\/media\/JR-ShortBio24-11-2023.pdf\" title=\"\" target=\"_blank\"><i class=\"vc_btn3-icon \"><\/i> Click here to download JR's Short English Bio 2<\/a><\/div><div class=\"vc_btn3-container vc_btn3-center vc_do_btn\" ><a class=\"vc_general vc_btn3 vc_btn3-size-md vc_btn3-shape-rounded vc_btn3-style-flat vc_btn3-icon-left vc_btn3-color-inverse\" href=\"https:\/\/jacquelineripstein.com\/site\/media\/BIO-JR-ES.pdf\" title=\"\" target=\"_blank\"><i class=\"vc_btn3-icon \"><\/i> Click here to download JR's Gold Brochure<\/a><\/div><\/div><\/div><\/div><div class=\"wpb_column vc_column_container vc_col-sm-6\"><div class=\"vc_column-inner\"><div class=\"wpb_wrapper\"><div class=\"vc_btn3-container vc_btn3-center vc_do_btn\" ><a class=\"vc_general vc_btn3 vc_btn3-size-md vc_btn3-shape-rounded vc_btn3-style-flat vc_btn3-icon-left vc_btn3-color-inverse\" href=\"https:\/\/jacquelineripstein.com\/site\/media\/BIO-JR-ES.pdf\" title=\"\" target=\"_blank\"><i class=\"vc_btn3-icon \"><\/i> Haz click ac\u00e1 aqu\u00ed descargar JR CV Espa\u00f1ol<\/a><\/div><div class=\"vc_btn3-container vc_btn3-center vc_do_btn\" ><a class=\"vc_general vc_btn3 vc_btn3-size-md vc_btn3-shape-rounded vc_btn3-style-flat vc_btn3-icon-left vc_btn3-color-inverse\" href=\"https:\/\/jacquelineripstein.com\/site\/media\/BIO-JR-ES.pdf\" title=\"\" target=\"_blank\"><i class=\"vc_btn3-icon \"><\/i> Haz click ac\u00e1 aqu\u00ed descargar JR Bio en Espa\u00f1ol<\/a><\/div><\/div><\/div><\/div><\/div><div class=\"blockquote\"><blockquote class=\"mfn-inline-editor\">Art contains the power to penetrate into the very depths of the soul. It\u2019s high frequencies are Invisible codes of communication\u00a0between our Souls and the truth of the Universe, they help us reconnect to the Eternal being within us&#8230;\u00bb<\/blockquote><p class=\"author\"><i class=\"icon-user\"><\/i><span>Jacqueline Ripstein\u00a9\u2122<\/span><\/p><\/div>\n<\/div><\/div><\/div><\/div>\n<\/div>","protected":false},"excerpt":{"rendered":"Biography J acqueline Ripstein is an International renowned Fine Art Artist, Art Healing Pioneer, . For over 38 years, with more than 375 International shows, Jacqueline<span class=\"excerpt-hellip\"> [\u2026]<\/span>","protected":false},"author":1,"featured_media":0,"parent":0,"menu_order":0,"comment_status":"closed","ping_status":"closed","template":"","meta":{"footnotes":""},"class_list":["post-104","page","type-page","status-publish","hentry"],"_links":{"self":[{"href":"https:\/\/jacquelineripstein.com\/site\/wp-json\/wp\/v2\/pages\/104","targetHints":{"allow":["GET"]}}],"collection":[{"href":"https:\/\/jacquelineripstein.com\/site\/wp-json\/wp\/v2\/pages"}],"about":[{"href":"https:\/\/jacquelineripstein.com\/site\/wp-json\/wp\/v2\/types\/page"}],"author":[{"embeddable":true,"href":"https:\/\/jacquelineripstein.com\/site\/wp-json\/wp\/v2\/users\/1"}],"replies":[{"embeddable":true,"href":"https:\/\/jacquelineripstein.com\/site\/wp-json\/wp\/v2\/comments?post=104"}],"version-history":[{"count":13,"href":"https:\/\/jacquelineripstein.com\/site\/wp-json\/wp\/v2\/pages\/104\/revisions"}],"predecessor-version":[{"id":7442,"href":"https:\/\/jacquelineripstein.com\/site\/wp-json\/wp\/v2\/pages\/104\/revisions\/7442"}],"wp:attachment":[{"href":"https:\/\/jacquelineripstein.com\/site\/wp-json\/wp\/v2\/media?parent=104"}],"curies":[{"name":"wp","href":"https:\/\/api.w.org\/{rel}","templated":true}]}}